s divided by 664?
619
What is the remainder when 1732 is divided by 621?
490
Calculate the remainder when 76488 is divided by 3187.
0
What is the remainder when 3218 is divided by 950?
368
Calculate the remainder when 6275 is divided by 857.
276
Calculate the remainder when 51331 is divided by 31.
26
Calculate the remainder when 41014 is divided by 41012.
2
What is the remainder when 268200 is divided by 3725?
0
Calculate the remainder when 1696 is divided by 206.
48
Calculate the remainder when 1566 is divided by 271.
211
What is the remainder when 7743 is divided by 456?
447
Calculate the remainder when 50410 is divided by 1055.
825
What is the remainder when 71093 is divided by 519?
509
Calculate the remainder when 65786 is divided by 79.
58
What is the remainder when 4526 is divided by 134?
104
What is the remainder when 3044 is divided by 277?
274
What is the remainder when 101332 is divided by 17?
12
What is the remainder when 136258 is divided by 1336?
1322
What is the remainder when 5548 is divided by 263?
25
Calculate the remainder when 11862 is divided by 409.
1
Calculate the remainder when 290313 is divided by 254.
245
What is the remainder when 2501043 is divided by 9?
6
Calculate the remainder when 11615 is divided by 5590.
435
Calculate the remainder when 3202722 is divided by 28.
26
What is the remainder when 807302 is divided by 450?
2
Calculate the remainder when 78907 is divided by 1547.
10
What is the remainder when 3092 is divided by 396?
320
Calculate the remainder when 193109 is divided by 478.
475
Calculate the remainder when 1005 is divided by 459.
87
What is the remainder when 161589 is divided by 110?
109
Calculate the remainder when 68409 is divided by 360.
9
Calculate the remainder when 436721 is divided by 43.
13
What is the remainder when 3101 is divided by 300?
101
What is the remainder when 4892 is divided by 835?
717
What is the remainder when 61060 is divided by 984?
52
Calculate the remainder when 3417 is divided by 250.
167
Calculate the remainder when 4152 is divided by 156.
96
What is the remainder when 267659 is divided by 20589?
2
What is the remainder when 890 is divided by 22?
10
Calculate the remainder when 842 is divided by 239.
125
Calculate the remainder when 3221 is divided by 36.
17
Calculate the remainder when 91074 is divided by 939.
930
What is the remainder when 2309768 is divided by 99?
98
What is the remainder when 178081 is divided by 4?
1
Calculate the remainder when 7699 is divided by 7695.
4
What is the remainder when 147189 is divided by 59?
43
Calculate the remainder when 11721 is divided by 591.
492
Calculate the remainder when 3562 is divided by 221.
26
What is the remainder when 36535 is divided by 373?
354
Calculate the remainder when 83034 is divided by 38.
4
Calculate the remainder when 7807 is divided by 867.
4
What is the remainder when 10522 is divided by 86?
30
What is the remainder when 3216 is divided by 37?
34
What is the remainder when 689 is divided by 617?
72
What is the remainder when 684716 is divided by 72?
68
What is the remainder when 12898 is divided by 51?
46
What is the remainder when 70450 is divided by 106?
66
Calculate the remainder when 32108 is divided by 594.
32
Calculate the remainder when 13713 is divided by 83.
18
Calculate the remainder when 17529 is divided by 1886.
555
What is the remainder when 18152 is divided by 77?
57
Calculate the remainder when 117868 is divided by 38.
30
What is the remainder when 129404 is divided by 3?
2
What is the remainder when 331 is divided by 304?
27
Calculate the remainder when 279299 is divided by 266.
265
What is the remainder when 7082 is divided by 986?
180
What is the remainder when 2565 is divided by 741?
342
Calculate the remainder when 15107 is divided by 76.
59
Calculate the remainder when 13727 is divided by 2148.
839
What is the remainder when 481126 is divided by 4043?
9
What is the remainder when 29614 is divided by 5890?
164
What is the remainder when 202 is divided by 40?
2
Calculate the remainder when 474 is divided by 379.
95
Calculate the remainder when 6861 is divided by 30.
21
What is the remainder when 171861 is divided by 171846?
15
Calculate the remainder when 6893 is divided by 506.
315
What is the remainder when 21372 is divided by 21358?
14
Calculate the remainder when 292836 is divided by 26.
24
Calculate the remainder when 55695 is divided by 16.
15
What is the remainder when 614216 is divided by 24?
8
What is the remainder when 222111 is divided by 1169?
1
What is the remainder when 80318 is divided by 75?
68
Calculate the remainder when 19127 is divided by 10.
7
What is the remainder when 278277 is divided by 58?
51
What is the remainder when 1093 is divided by 135?
13
What is the remainder when 16661 is divided by 257?
213
Calculate the remainder when 8179 is divided by 283.
255
Calculate the remainder when 12212 is divided by 4051.
59
Calculate the remainder when 10855 is divided by 491.
53
What is the remainder when 102041 is divided by 53?
16
What is the remainder when 22458 is divided by 5613?
6
What is the remainder when 25051 is divided by 12510?
31
Calculate the remainder when 167 is divided by 151.
16
What is the remainder when 230536 is divided by 81?
10
Calculate the remainder when 165834 is divided by 89.
27
What is the remainder when 457746 is divided by 5?
1
What is the remainder when 5764 is divided by 2186?
1392
What is the remainder when 1117 is divided by 123?
10
What is the remainder when 212409 is divided by 70785?
54
Calculate the remainder when 17265 is divided by 1564.
61
Calculate the remainder when 17896 is divided by 157.
155
What is the remainder when 10778 is divided by 1346?
10
Calculate the remainder when 385 is divided by 80.
65
What is the remainder when 4612 is divided by 586?
510
What is the remainder when 133852 is divided by 8365?
12
Calculate the remainder when 1458 is divided by 414.
216
Calculate the remainder when 24143 is divided by 548.
31
What is the remainder when 1275 is divided by 1270?
5
What is the remainder when 701 is divided by 329?
43
What is the remainder when 18236 is divided by 33?
20
What is the remainder when 24433 is divided by 787?
36
What is the remainder when 18223 is divided by 52?
23
What is the remainder when 53135 is divided by 10621?
30
Calculate the remainder when 1765 is divided by 293.
7
Calculate the remainder when 6961 is divided by 467.
423
What is the remainder when 4838674 is divided by 37?
36
What is the remainder when 13716 is divided by 2280?
36
What is the remainder when 18570 is divided by 18296?
274
What is the remainder when 4913 is divided by 28?
13
What is the remainder when 27856 is divided by 506?
26
What is the remainder when 5594 is divided by 139?
34
What is the remainder when 18974 is divided by 489?
392
What is the remainder when 47612 is divided by 201?
176
Calculate the remainder when 6891 is divided by 977.
52
Calculate the remainder when 47121 is divided by 7849.
27
What is the remainder when 3148 is divided by 18?
16
What is the remainder when 33768 is divided by 663?
618
Calculate the remainder when 2051 is divided by 73.
7
Calculate the remainder when 42707 is divided by 38.
33
What is the remainder when 38169 is divided by 199?
160
What is the remainder when 56632 is divided by 157?
112
Calculate the remainder when 10519 is divided by 617.
30
Calculate the remainder when 1397 is divided by 466.
465
Calculate the remainder when 2814 is divided by 94.
88
Calculate the remainder when 382701 is divided by 256.
237
Calculate the remainder when 2932775 is divided by 1058.
1057
What is the remainder when 7788 is divided by 554?
32
What is the remainder when 1331 is divided by 156?
83
What is the remainder when 26324 is divided by 423?
98
What is the remainder when 434 is divided by 179?
76
What is the remainder when 17403 is divided by 982?
709
Calculate the remainder when 3548 is divided by 236.
8
Calculate the remainder when 13636 is divided by 585.
181
Calculate the remainder when 12176 is divided by 50.
26
What is the remainder when 2232 is divided by 573?
513
Calculate the remainder when 1615182 is divided by 585.
582
Calculate the remainder when 321608 is divided by 160792.
24
What is th